{"id":278,"date":"2023-05-14T15:02:50","date_gmt":"2023-05-14T15:02:50","guid":{"rendered":"https:\/\/zfbz.de\/?page_id=278"},"modified":"2023-05-14T15:02:50","modified_gmt":"2023-05-14T15:02:50","slug":"frauencafe","status":"publish","type":"page","link":"https:\/\/zfbz.de\/abli\/frauencafe\/","title":{"rendered":"Frauencafe"},"content":{"rendered":"\n<p>Das Frauencaf\u00e9 von Abli ist ein einladender Ort f\u00fcr Frauen jeden Alters und Hintergrunds. Hier schaffen wir eine entspannte Atmosph\u00e4re, in der Frauen zusammenkommen k\u00f6nnen, um sich zu treffen, zu plaudern, zu lachen, zu diskutieren und neue Freundschaften zu schlie\u00dfen. Das Caf\u00e9 bietet eine vielf\u00e4ltige Auswahl an Getr\u00e4nken und Snacks, um den Aufenthalt noch angenehmer zu gestalten. Zus\u00e4tzlich organisieren wir regelm\u00e4\u00dfig Veranstaltungen wie Lesungen, Workshops und Musikabende, um das Caf\u00e9 mit spannenden Erlebnissen zu bereichern.<\/p>\n\n\n\n<p>Unser Ziel ist es, Frauen einen sicheren und unterst\u00fctzenden Raum zu bieten, in dem sie sich frei entfalten k\u00f6nnen. Im Frauencaf\u00e9 k\u00f6nnen sie ihre Erfahrungen teilen, sich gegenseitig unterst\u00fctzen und wertvolle Kontakte kn\u00fcpfen. Wir m\u00f6chten eine Atmosph\u00e4re schaffen, in der Frauen ihre Stimmen h\u00f6ren lassen und ihre Interessen und Anliegen diskutieren k\u00f6nnen.<\/p>\n\n\n\n<p>Das Frauencaf\u00e9 ist ein Ort des Empowerments, an dem Frauen ermutigt werden, sich selbstbewusst auszudr\u00fccken und ihre Potenziale zu entdecken. Wir f\u00f6rdern den Austausch von Wissen, F\u00e4higkeiten und Erfahrungen, um ein starkes Netzwerk von Frauen aufzubauen.<\/p>\n\n\n\n<p>Wenn du nach einem Ort suchst, an dem du dich mit anderen Frauen verbinden kannst, dich inspirieren lassen m\u00f6chtest und einfach eine sch\u00f6ne Zeit verbringen m\u00f6chtest, dann bist du herzlich eingeladen, unser Frauencaf\u00e9 zu besuchen. Gemeinsam schaffen wir einen Ort, an dem Frauen gest\u00e4rkt werden, sich gegenseitig unterst\u00fctzen und ihre Stimmen erheben k\u00f6nnen.<\/p>\n","protected":false},"excerpt":{"rendered":"<p>Das Frauencaf\u00e9 von Abli ist ein einladender Ort f\u00fcr Frauen jeden Alters und Hintergrunds. Hier schaffen wir eine entspannte Atmosph\u00e4re, in der Frauen zusammenkommen k\u00f6nnen, um sich zu treffen, zu plaudern, zu lachen, zu diskutieren und neue Freundschaften zu schlie\u00dfen. Das Caf\u00e9 bietet eine vielf\u00e4ltige Auswahl an Getr\u00e4nken und Snacks, um den Aufenthalt noch angenehmer [&hellip;]<\/p>\n","protected":false},"author":2,"featured_media":0,"parent":0,"menu_order":0,"comment_status":"closed","ping_status":"closed","template":"","meta":{"_gspb_post_css":"","_coblocks_attr":"","_coblocks_dimensions":"","_coblocks_responsive_height":"","_coblocks_accordion_ie_support":"","footnotes":""},"class_list":["post-278","page","type-page","status-publish","hentry"],"_links":{"self":[{"href":"https:\/\/zfbz.de\/abli\/wp-json\/wp\/v2\/pages\/278","targetHints":{"allow":["GET"]}}],"collection":[{"href":"https:\/\/zfbz.de\/abli\/wp-json\/wp\/v2\/pages"}],"about":[{"href":"https:\/\/zfbz.de\/abli\/wp-json\/wp\/v2\/types\/page"}],"author":[{"embeddable":true,"href":"https:\/\/zfbz.de\/abli\/wp-json\/wp\/v2\/users\/2"}],"replies":[{"embeddable":true,"href":"https:\/\/zfbz.de\/abli\/wp-json\/wp\/v2\/comments?post=278"}],"version-history":[{"count":0,"href":"https:\/\/zfbz.de\/abli\/wp-json\/wp\/v2\/pages\/278\/revisions"}],"wp:attachment":[{"href":"https:\/\/zfbz.de\/abli\/wp-json\/wp\/v2\/media?parent=278"}],"curies":[{"name":"wp","href":"https:\/\/api.w.org\/{rel}","templated":true}]}}